 24 + -22e7?
-22c3
In base 16, what is a54 - aa?
9aa
In base 6, what is 14553 + -34?
14515
In base 16, what is -9d + 13f8?
135b
In base 7, what is -4 + -3605?
-3612
In base 9, what is -62 - -16008?
15836
In base 12, what is -a719 + -10?
-a729
In base 2, what is -10 + 10110001011010?
10110001011000
In base 7, what is -5611 - 113?
-6024
In base 16, what is 2584b + 12?
2585d
In base 2, what is 11 + -1001100010001000011?
-1001100010001000000
In base 9, what is 8 + 25677?
25686
In base 3, what is 1111 - 10100?
-1212
In base 10, what is 521681 + 1?
521682
In base 15, what is 2 + 110d?
1110
In base 8, what is -20324 - 2?
-20326
In base 6, what is -11051 - 1000?
-12051
In base 13, what is -837 + -ba?
-924
In base 7, what is 333 + 5232?
5565
In base 12, what is -21 + 10?
-11
In base 9, what is 6 - 136434?
-136427
In base 15, what is -192541 + -2?
-192543
In base 8, what is 10421 - 5?
10414
In base 8, what is 103621 + 3?
103624
In base 2, what is -101111010000100010111 - 10?
-101111010000100011001
In base 12, what is -3 - 6143b?
-61442
In base 10, what is -3 + 34?
31
In base 15, what is -5 + -6c95?
-6c9a
In base 2, what is -10111111 + 1011111010?
1000111011
In base 14, what is -c816 + -3?
-c819
In base 9, what is -1448 - -620?
-728
In base 14, what is 1 - 17da3d?
-17da3c
In base 2, what is 110010011100001001 - 1?
110010011100001000
In base 10, what is 295511 + -1?
295510
In base 16, what is -3e8dd - -1?
-3e8dc
In base 9, what is 21 + -155128?
-155107
In base 3, what is -2 - 21021122222?
-21021200001
In base 15, what is -68 + -258?
-2c1
In base 7, what is 365 - 26315?
-25620
In base 11, what is -112a - 6?
-1135
In base 15, what is 2 - 5736?
-5734
In base 9, what is 4 - 1175763?
-1175758
In base 14, what is 42 + -6b5a?
-6b18
In base 15, what is 96d0 - 4?
96cb
In base 7, what is 1661 - -43?
2034
In base 7, what is -221113 + 4?
-221106
In base 3, what is 22122 - 11002000?
-10202101
In base 5, what is 122 - 33143?
-33021
In base 10, what is -91 - 1577?
-1668
In base 10, what is 4 + 8831?
8835
In base 5, what is 2034 + 132?
2221
In base 7, what is -1 - 353304?
-353305
In base 16, what is 1 + -201d1?
-201d0
In base 5, what is -1 + 313103?
313102
In base 14, what is c34 + 149?
d7d
In base 11, what is -1 - 51a75?
-51a76
In base 5, what is 400 - 212?
133
In base 12, what is -3 + -47554?
-47557
In base 12, what is -200a39 + 1?
-200a38
In base 9, what is 283 - -864?
1257
In base 3, what is 11100000100 - -1112?
11100001212
In base 16, what is 139c - 76?
1326
In base 14, what is 2 - 2cd44c?
-2cd44a
In base 14, what is -82 + 280?
1dc
In base 15, what is 5 + -2220b?
-22206
In base 5, what is -13 - 24440?
-30003
In base 3, what is 11 - 11000122212?
-11000122201
In base 11, what is 15 - 30588?
-30573
In base 2, what is -11 + -101110000111?
-101110001010
In base 16, what is 1faf + -b?
1fa4
In base 11, what is 5912 - 3?
590a
In base 13, what is -12 - -1727?
1715
In base 8, what is -11467 - 112?
-11601
In base 7, what is -564 - 13026?
-13623
In base 3, what is -110121222 + -110?
-110122102
In base 16, what is -38 - -5f31?
5ef9
In base 15, what is 6a51 + -22?
6a2e
In base 11, what is -238 - -25a?
22
In base 2, what is -101 - 10001111000011?
-10001111001000
In base 9, what is 1210003 - -3?
1210006
In base 2, what is 111111 - -111000101101111?
111000110101110
In base 2, what is 1010100010 - 101000001?
101100001
In base 15, what is 438 + -3c5?
63
In base 3, what is 11211 + -10102220?
-10021002
In base 13, what is -1a3 - -5721?
554b
In base 4, what is -110 - 11333?
-12103
In base 4, what is 1 + 3300033?
3300100
In base 6, what is 5413 - -32?
5445
In base 2, what is 1111011 - -11011111?
101011010
In base 6, what is -14503 + -302?
-15205
In base 11, what is -4 + -1337?
-1340
In base 7, what is -320661 + 0?
-320661
In base 12, what is 37 + -7795?
-775a
In base 9, what is -26777 - -3?
-26774
In base 10, what is 83181 - -5?
83186
In base 16, what is 294 + 5a?
2ee
In base 3, what is 1 - 10020201220?
-10020201212
In base 3, what is -1 + 201101011?
201101010
In base 2, what is 110 - -10111?
11101
In base 10, what is 92240 - 5?
92235
In base 2, what is -100110 + 1001110110101011?
1001110110000101
In base 9, what is -3 + 27812?
27808
In base 8, what is 24 + -220?
-174
In base 14, what is -91d3 - 2?
-91d5
In base 11, what is -1 - -9028?
9027
In base 12, what is 56 + -223?
-189
In base 16, what is 6ad22 - 3?
6ad1f
In base 6, what is -11313032 - 5?
-11313041
In base 5, what is 0 + -4140404?
-4140404
In base 3, what is -1100 - -102001?
100201
In base 11, what is -1 + -559652?
-559653
In base 14, what is -5b1c27 + 0?
-5b1c27
In base 3, what is -102011102202 + 12?
-102011102120
In base 9, what is -481 - -380?
-101
In base 7, what is 232 + -3016?
-2454
In base 15, what is -38 - 51e6?
-522e
In base 10, what is -1449 - 78?
-1527
In base 14, what is -5b5 - 63?
-638
In base 3, what is -12 + 22000202?
22000120
In base 14, what is 6376 + -19?
635b
In base 2, what is 11 + 1010100101010101011?
1010100101010101110
In base 9, what is 74313 - 0?
74313
In base 11, what is -10421 - 4?
-10425
In base 7, what is -1366423 + 5?
-1366415
In base 8, what is -3223 - 227?
-3452
In base 14, what is 16cb26 + -3?
16cb23
In base 11, what is -1155 + -4?
-1159
In base 11, what is 1597 - 3?
1594
In base 5, what is -2 + 1004242?
1004240
In base 2, what is -10101 + -100010100101000?
-100010100111101
In base 7, what is 136053 + 4?
136060
In base 2, what is 1001011101 - 101000?
1000110101
In base 7, what is 4 + -2112?
-2105
In base 3, what is 20201 + 1021120?
1112021
In base 6, what is 23523350 + 1?
23523351
In base 11, what is -4a9 + 32?
-477
In base 10, what is 2 + -462166?
-462164
In base 15, what is -21 + -3632?
-3653
In base 14, what is -231b + -3d?
-235a
In base 15, what is -8388 - -6?
-8382
In base 10, what is 0 - -1036005?
1036005
In base 14, what is 1c98d + 4?
1c993
In base 5, what is -110320 + -102?
-110422
In base 14, what is 0 + -bd371?
-bd371
In base 16, what is -819 - 8?
-821
In base 16, what is 0 + 120b8?
120b8
In base 12, what is 227 + 170b?
1936
In base 13, what is 6 + -653c?
-6536
In base 5, what is -2013 - 331?
-2344
In base 8, what is -13107114 - 2?
-13107116
In base 16, what is 202 + 62?
264
In base 9, what is -26 + -2317?
-2344
In base 2, what is -1011111000000000111 + 101?
-1011111000000000010
In base 8, what is -176 + -311?
-507
In base 2, what is -1010000 - 1101010?
-10111010
In base 9, what is -11388 + 30?
-11358
In base 8, what is 0 - -15614?
15614
In base 14, what is -4 + -7b55?
-7b59
In base 13, what is -7 - 842c?
-8436
In base 16, what is -3 - 6205?
-6208
In base 12, what is 8 + -705?
-6b9
In base 13, what is -207b - 6?
-2084
In base 5, what is -300123 - -34?
-300034
In base 9, what is 7 + 63741?
63748
In base 7, what is -44112 - -14?
-44065
In base 7, what is 0 + -42421?
-42421
In base 15, what is -18bc + -3c?
-1909
In base 2, what is -11000110001000 + 101001?
-11000101011111
In base 9, what is -3 + -4607?
-4611
In base 15, what is 3 + -466b?
-4668
In base 7, what is 4051 + 3?
4054
In base 12, what is 48 + -2420?
-2394
In base 9, what is 6 + -464340?
-464333
In base 5, what is 203 + 123113?
123321
In base 14, what is b8bd7 + -1?
b8bd6
In base 13, what is aa726 - 1?
aa725
In base 6, what is -251514 + 35?
-251435
In base 15, what is 25 - -b10?
b35
In base 3, what is -10202202 + 211?
-10201221
In base 6, what is -34522 - 122?
-35044
In base 13, what is 1306 + 8?
1311
In base 12, what is 6188 - -4?
6190
In base 8, what is -7376 - -46?
-7330
In base 4, what is -31302 + -211?
-32113
In base 13, what is 20a29 + 23?
20a4c
In base 5, what is 124202020 + -4?
124202011
In base 8, what is -4276 + 135?
-4141
In base 12, what is 8936b - -4?
89373
In base 9, what is -2167 - 21?
-2188
In base 3, what is 2122102220 - -100?
2122110020
In base 3, what is -211100 - 1022210?
-2011010
In base 14, what is 377487 - -2?
377489
In base 10, what is 2 - 37947?
-37945
In base 6, what is -514 - 15244?
-20202
In base 8, what is -5 + -143071?
-143076
In base 2, what is -11100100 + 1000010010011?
111110101111
In base 11, what is -160551 - -1?
-160550
In base 5, what is 22043420 + 3?
22043423
In base 16, what is 4 + 9d0e5?
9d0e9
In base 7, what is -124 + 4432?
4305
In base 5, what is -4 + 3041300?
3041241
In base 4, what is 